Let l = f + 39. List the prime factors of l.
2
Suppose 0 = -324*w + 502*w - 2387514. List the prime factors of w.
3, 17, 263
What are the prime factors of (-20511)/(3 + 13 - 19)?
3, 43, 53
Let m(l) = 4*l - 17. Let w(t) = 5*t - 18. Let p(u) = 4*m(u) - 3*w(u). Let i be p(10). List the prime factors of ((-257)/(-20) + i/16)*10.
2, 3, 7
Let i be (-4)/(-18) - (-50)/18. Suppose -3*b - 5*w = -5*b, 0 = -3*w. Suppose 368 = 2*z + i*g, b*z + 514 = 3*z - 5*g. What are the prime factors of z?
2, 89
Let x = -2730 + 10544. List the prime factors of x.
2, 3907
Let a(f) be the first derivative of -21*f**2 + 14*f - 17. List the prime factors of a(-11).
2, 7, 17
Suppose 5*g = -t + 2*t - 934, -1896 = -2*t - 4*g. List the prime factors of 9/6*t/6.
2, 59
Suppose -j = 3*w - 850, -2*w = -0*w + 5*j - 558. Suppose w*x = 292*x - 2016. List the prime factors of x.
2, 3, 7
Suppose 2*n - 15 = 5*t, -5*n - 2*t - 6 = -2*n. Suppose 19*a - 1442 - 762 = n. List the prime factors of a.
2, 29
Suppose 4*v - 3*n - 1625 - 43009 = 0, 5*n = -v + 11147. What are the prime factors of v?
3, 3719
Let f(i) be the second derivative of -6*i**3 + 16*i**2 - 26*i. Let r be f(-14). Suppose 3*c - r + 71 = 0. List the prime factors of c.
5, 31
Suppose -l = -3*u + l - 206, -2*u = l + 135. Let g = 63 + u. List the prime factors of -2 + 3/3 - g.
2
Suppose -2*s + 4281 + 711 = 0. Suppose 78*i - s = 72*i. What are the prime factors of i?
2, 13
Let c(h) = 48234*h - 1157. List the prime factors of c(1).
179, 263
Let b(q) = 11*q - 20 + 37*q**2 - 20*q**2 - 18*q**2. List the prime factors of b(5).
2, 5
What are the prime factors of (-4 - (-8955)/18)*96/18?
2, 7, 47
What are the prime factors of ((-486164)/(-12) - -1)/(2/(-3)*-1)?
2, 15193
Let x be (-1 - -10) + (-6)/3. Suppose 2124 = x*n + 2*n. Let g = 385 - n. List the prime factors of g.
149
Let x be (444/370)/(4/(-490)). Let v = 619 + x. List the prime factors of v.
2, 59
Let q(f) = -f**3 - 13*f**2 - 30*f - 284. What are the prime factors of q(-26)?
2, 11, 211
Suppose -5*c - 2*y - 79 = 0, -7*y = -c - 8*y - 17. What are the prime factors of (4 - -11)*33/c*-27?
3, 11
Let b be ((-12)/(-10))/(4 + 18/(-5)). Let r(o) = 12*o**2 - o + 2. Let l be r(b). Suppose -l = -3*a - 2*x, -a - 10 = 2*x - 43. List the prime factors of a.
37
Suppose 0 = 5*g - s + 1560, -g - 162 - 136 = -3*s. Let k = g - -917. List the prime factors of k.
2, 151
Suppose 0 = -7*p + 9 - 16. List the prime factors of (36/(-126))/(p/21).
2, 3
Suppose -142*x - 3144826 = -10332582. List the prime factors of x.
2, 25309
Suppose 2*t - 496 + 162 = 0. Let d be (0 - 2)*(1 - t). What are the prime factors of 2 + d/(3 + -1)?
2, 3, 7
Let s(i) be the second derivative of -i**5/20 + 5*i**4/4 - 17*i**3/6 + i**2/2 + 28*i. Let v be s(14). List the prime factors of (v - -47)*(-1 + 2 - -18).
2, 3, 19
Let i(h) = -3031*h - 1004. List the prime factors of i(-7).
17, 29, 41
Let u(h) = -h**3 - 5*h**2 - 3*h + 1. Let n be u(-5). Suppose 0 = 4*t + 2*k - 2112, 2*t = -4*k - n + 1060. Suppose -3*d = 2*d - t. List the prime factors of d.
2, 53
Suppose -5*u = 2*p - 6357, -8*p - 9508 = -11*p - 2*u. What are the prime factors of p?
2, 1583
List the prime factors of (27/(-6))/((-41)/314634).
3, 1279
Let i = 693 + 4795. What are the prime factors of i?
2, 7
Suppose 30*r - 203 = r. Suppose -r*w = -4604 - 1087. List the prime factors of w.
3, 271
Let x be (2 - 1) + 2 + -176. Let v be (0 - 12/18) + 5621/21. Let l = v + x. What are the prime factors of l?
2, 47
Let j = 84 - 87. Let v = j - -8. Suppose v*t = 3*z + 90, -2*t - 4*z + 30 = -6. List the prime factors of t.
2, 3
Let b(z) = -3*z**3 + 11*z**2 - 4*z + 16. Let i be b(5). List the prime factors of (i/16)/(-13)*262.
131
Let h = 16220 - 7568. List the prime factors of h.
2, 3, 7, 103
Let n be (-16)/(-9) - 6/(-27). Let o = -5039 + 5101. Let z = o + n. List the prime factors of z.
2
List the prime factors of -1 + -26*(-2382)/12 + 9.
3, 1723
Let c(f) = 51*f - 102. Let m = 357 - 338. List the prime factors of c(m).
3, 17
Let u(c) = c**2 + 10*c - 18. Let s = 39 + -51. Let v be u(s). Suppose 0 = -v*h + 4*h + 202. What are the prime factors of h?
101
Let a be (16 + 38)/(-1*(-2)/(-2)). Let p = 454 + a. What are the prime factors of p?
2, 5
Let k(f) = 29*f**2 + 967*f + 1. List the prime factors of k(-49).
22247
Let j(x) = -2*x**2 - 13*x + 9. Let y be j(-10). Let v = y + 66. Suppose 140 = v*t - 3*t. List the prime factors of t.
2, 5, 7
Suppose -4*o = -3*t - 151, -2*t + 5*t - 49 = -o. Let r(p) = -p**3 - 7*p**2 - 13*p + 11. Let m be r(-6). Suppose l - m = o. What are the prime factors of l?
3, 31
Suppose 5*a = 2*q + 58, -8*q - 16 = -4*q. Suppose a*y = 15*y - 5325. What are the prime factors of y?
3, 5, 71
Let a(g) = -1161*g - 686. List the prime factors of a(-11).
5, 2417
Suppose 5*x = 5*f + 188785, x - 59238 + 21481 = 4*f. What are the prime factors of x?
17, 2221
Let l(f) be the third derivative of f**5/60 - f**4/3 + 7*f**3/3 + 11*f**2. Let u be l(6). What are the prime factors of (-6)/(-4) + 113/u?
2, 29
Suppose 2*b + 4*q = 8552, -16*b + 21*b - 4*q = 21380. What are the prime factors of b?
2, 1069
Let d(l) = -21 + 15*l + l**3 + 8*l - 37*l + 16*l**2 + 12*l. What are the prime factors of d(-16)?
11
Suppose 3*p - 110 = -122. Let u be -8 - p/2 - (5 + -9). List the prime factors of 253 - 4*(-4 + (-7)/u).
3, 5, 17
Let a(k) = k**3 - k + 133. Let n be (5 - 6) + -1 - (0 - 2). List the prime factors of a(n).
7, 19
Let g(h) = -195*h - 2. Let z be g(10). Let j be 4/(-10) - z/80. What are the prime factors of (36/7)/(1 + j/(-28))?
2, 3
Let h(i) = i**3 + 6*i**2 + 3*i + 7. Let r be h(9). Let l = 3145 - r. What are the prime factors of l?
2, 3, 79
Suppose -6*p + 4709 = -19327. Suppose -7*h + 117 = -p. What are the prime factors of h?
19, 31
Let u = 9326 - 867. List the prime factors of u.
11, 769
List the prime factors of (-774)/172*11146/(-3) + 8.
43, 389
Let l be 16 + 2 + (0 + 0 - 0). List the prime factors of (-36)/162 + -1 + 10966/l.
2, 19
Suppose -k + 182 = -t, -4*k + 3*t + 657 = -71. Suppose -89*h + 11776 = -181*h. Let g = k + h. What are the prime factors of g?
2, 3
Suppose -4*a + 8786 = 2*j - 14792, 2*a - 5*j = 11807. List the prime factors of a.
2, 11, 67
Suppose 55374 = 5*t + 36*h - 40*h, h + 55356 = 5*t. List the prime factors of t.
2, 3, 5, 41
Suppose 0 = -m - 4 + 3, 4*w - 23 = -5*m. Let c = -2 - w. Let t(r) = -4*r + 10. What are the prime factors of t(c)?
2, 23
Let q = -11033 + 24831. What are the prime factors of q?
2, 6899
Let d be (-10)/(33/85 + (-22)/55). Let g = d - 128. List the prime factors of g.
2, 19
Suppose -13*s + 10*s - 53424 = -21*s. What are the prime factors of s?
2, 7, 53
Let z(j) = 25003*j**2 + 56*j - 46. List the prime factors of z(1).
25013
Let r(a) = a**3 + 143*a**2 + 51*a + 2549. What are the prime factors of r(-142)?
3, 191
Suppose -101*n + 38*n + 151704 = 0. What are the prime factors of n?
2, 7, 43
Let t = 16 + 29. Let i be (36/t)/(6/285). Suppose i = 5*l - 237. List the prime factors of l.
5, 11
Let c be (-774)/12*12/(-18). Let t = 72 - c. What are the prime factors of t?
29
Suppose -3*d + 9 = 3*x, -3*d = 2*x + 10 - 20. Let t(v) = 112*v + 236. List the prime factors of t(d).
2, 3, 19
Let v = 345 + -344. What are the prime factors of (-4 + (259 - 0/4))*v?
3, 5, 17
Let d = 63 - 109. Let t = 48 + d. Suppose -4*b + 20 = 0, -v - t*v + 160 = 5*b. What are the prime factors of v?
3, 5
Let r be (109*30/(-25))/(2/10). Let a be 3 + (4 - (-2 + r)). What are the prime factors of (-2)/(-6) - (a/(-9) - 1)?
3, 5
Let r(q) = q**3 - 11*q**2 - 3*q - 14. Let m be r(8). Let d = m + 346. What are the prime factors of d?
2, 29
Suppose 150*j + 274*j = 2167912. What are the prime factors of j?
5113
Let m(z) = 75*z - 3208. What are the prime factors of m(74)?
2, 1171
Suppose 3*a - 10571 = -4*k, -k - 2849 = -a + 670. What are the prime factors of a?
7, 503
Let q be 1115 - 10*(-2)/4. Suppose -32*i = -28*i - q. What are the prime factors of i?
2, 5, 7
Suppose -3*w - 5*m + 2407 = -4602, 0 = 2*m - 10. What are the prime factors of w?
2, 3, 97
Let i = 5138 + 1404. What are the prime factors of i?
2, 3271
Let g = 1320 + -934. Let c = g - -10. List the prime factors of c.
2, 3, 11
Let i be (-12)/(-21) + (-1)/((-42)/(-153870)). What are the prime factors of i/((-21)/7) - 4?
1217
What are the prime fa